{"id":434,"date":"2017-05-04T05:04:28","date_gmt":"2017-05-04T05:04:28","guid":{"rendered":"http:\/\/builderpress-min.inspirydemos.com\/?page_id=434"},"modified":"2023-08-30T08:34:08","modified_gmt":"2023-08-30T06:34:08","slug":"about-us","status":"publish","type":"page","link":"https:\/\/rehabilitacionesvargas.es\/?page_id=434","title":{"rendered":"LA EMPRESA"},"content":{"rendered":"<p>[vc_row][vc_column][vc_column_text][\/vc_column_text][\/vc_column][\/vc_row][vc_row][vc_column width=\u00bb7\/12&#8243;][vc_column_text]<strong>REHABILITACIONES VARGAS SL, es una empresa de reformas en Madrid<\/strong> que cuenta con un equipo profesional de trabajadores bien cualificados.<\/p>\n<p>Y que espera para este a\u00f1o <strong>2023<\/strong>, ampliar esa nomina hasta un 100 %. Colabora conjuntamente con nuestros arquitectos para desarrollar y ejecutar cualquier tipo de obras, rehabilitaci\u00f3n y reformas integrales en la Comunidad y zonas cercanas, garantizando un asesoramiento excelente y calidad de trabajo. Contamos con m\u00e1s de<strong> 20 a\u00f1os <\/strong>de experiencia en reformas de edificaciones, naves industriales y viviendas. Adem\u00e1s de <strong>reformas en general de edificaciones, realizamos trabajos de altura (descuelgue),<br \/>\n(ampliaciones de casas y chalets), oficinas y locales comerciales<\/strong>.<\/p>\n<p>Le ofrecemos<strong> presupuesto y asesoramiento gratuito<\/strong> y un servicio integral desde el principio hasta el final de la reforma. Nuestra empresa realiza <strong>reformas integrales en toda la comunidad de Madrid y zonas adyacentes<\/strong>.<\/p>\n<p>Nuestra <strong>empresa de reformas en Madrid<\/strong> trabaja bajo un sistema de est\u00e1ndar de eficacia, una vez puesto de acuerdo con el cliente, se procede a trabajar con los materiales de la mejor calidad sin descuidar ning\u00fan detalle, conocedores de que en los peque\u00f1os detalles, est\u00e1 la diferencia. Somos la mejor opci\u00f3n con nuestras reformas, porque vamos de la mano con nuestros clientes por lo que si no est\u00e1 de acuerdo, nos encargaremos de hacer cualquier modificaci\u00f3n con tal de que el cliente, quede satisfecho.[\/vc_column_text][\/vc_column][vc_column width=\u00bb5\/12&#8243;][vc_single_image image=\u00bb77&#8243; img_size=\u00bblarge\u00bb][\/vc_column][\/vc_row][vc_row][vc_column width=\u00bb7\/12&#8243;][vc_single_image image=\u00bb678&#8243; img_size=\u00bblarge\u00bb][\/vc_column][vc_column width=\u00bb5\/12&#8243;][vc_column_text]<strong>\u00bfQu\u00e9 hacemos?<\/strong><\/p>\n<p>Podemos <strong>reformar su edificaci\u00f3n o vivienda en Madrid<\/strong> con un presupuesto bajo pensando siempre en la econom\u00eda del cliente.<\/p>\n<p>Servicio de confianza con los mejores especialistas y profesionales de verdad en cada \u00e1rea de la rehabilitaci\u00f3n y reformas..<\/p>\n<p>Te ofrecemos un presupuesto totalmente gratis de reforma y asesoramiento. Tramitamos todo el papeleo necesario para llevar a cabo tu obra ya que contamos con gran experiencia en reformas para que no tengas que ocuparte de nada.<\/p>\n<p>Servicio de reformas integrales en Madrid sin sobre costes, sin sorpresas, r\u00e1pidas y<br \/>\nde calidad, proyecto llave en mano.<\/p>\n<p>Tenemos muchas razones para convertir tus ideas y proyectos en realidad con nuestras reformas.<\/p>\n<p>Planifica la reforma de tu vivienda, casa, piso o chalet en Madrid, benef\u00edciate de nuestro asesoramiento y amplio abanico de opciones gracias a nuestra experiencia y totalmente gratuito.<\/p>\n<p>Te ofrecemos una garant\u00eda total en nuestros trabajos ajust\u00e1ndonos a las necesidades de las reforma de viviendas de nuestros clientes.<\/p>\n<p>Tramitamos el <strong>FINANCIAMIENTO <\/strong>de su obra en corto tiempo , ayudas y subvenciones oficiales.<\/p>\n<p><strong>\u00bfPor qu\u00e9 elegirnos?<\/strong><\/p>\n<p><strong>Eficiencia y compromiso<\/strong><br \/>\nCon nuestros clientes avalada por los profesionales a los cuales representamos.<\/p>\n<p><strong>Disponibilidad total<\/strong><br \/>\nPuede contactar con nosotros a trav\u00e9s de esta pagina web solicitando<br \/>\npresupuesto exponiendo sus necesidades.<\/p>\n<p><strong>Amplia experiencia<\/strong><br \/>\nSomos un gran equipo donde encontrar\u00e1 la mejor soluci\u00f3n t\u00e9cnica y econ\u00f3mica.<\/p>\n<p><strong>Calidad y precio<\/strong><br \/>\nHacemos uso de materiales de primera calidad, as\u00ed como de un equipo de profesionales altamente cualificados.[\/vc_column_text][\/vc_column][\/vc_row][vc_row full_width=\u00bbstretch_row\u00bb css=\u00bb.vc_custom_1693377244804{background-color: #ffffff !important;}\u00bb][vc_column][\/vc_column][\/vc_row][vc_row][vc_column width=\u00bb1\/3&#8243;][\/vc_column][vc_column width=\u00bb1\/3&#8243;][\/vc_column][vc_column width=\u00bb1\/3&#8243;][\/vc_column][\/vc_row]<\/p>\n","protected":false},"excerpt":{"rendered":"<p>[vc_row][vc_column][vc_column_text][\/vc_column_text][\/vc_column][\/vc_row][vc_row][vc_column width=\u00bb7\/12&#8243;][vc_column_text]REHABILITACIONES VARGAS SL, es una empresa de reformas en Madrid que cuenta con un equipo profesional de trabajadores bien&#8230;<\/p>\n","protected":false},"author":1,"featured_media":0,"parent":0,"menu_order":0,"comment_status":"closed","ping_status":"closed","template":"","meta":{"_joinchat":[],"footnotes":""},"class_list":["post-434","page","type-page","status-publish","hentry"],"yoast_head":"<!-- This site is optimized with the Yoast SEO plugin v27.3 - https:\/\/yoast.com\/product\/yoast-seo-wordpress\/ -->\n<title>LA EMPRESA - Rehabilitaciones Vargas<\/title>\n<meta name=\"robots\" content=\"index, follow, max-snippet:-1, max-image-preview:large, max-video-preview:-1\" \/>\n<link rel=\"canonical\" href=\"https:\/\/rehabilitacionesvargas.es\/?page_id=434\" \/>\n<meta property=\"og:locale\" content=\"es_ES\" \/>\n<meta property=\"og:type\" content=\"article\" \/>\n<meta property=\"og:title\" content=\"LA EMPRESA - Rehabilitaciones Vargas\" \/>\n<meta property=\"og:description\" content=\"[vc_row][vc_column][vc_column_text][\/vc_column_text][\/vc_column][\/vc_row][vc_row][vc_column width=\u00bb7\/12&#8243;][vc_column_text]REHABILITACIONES VARGAS SL, es una empresa de reformas en Madrid que cuenta con un equipo profesional de trabajadores bien...\" \/>\n<meta property=\"og:url\" content=\"https:\/\/rehabilitacionesvargas.es\/?page_id=434\" \/>\n<meta property=\"og:site_name\" content=\"Rehabilitaciones Vargas\" \/>\n<meta property=\"article:modified_time\" content=\"2023-08-30T06:34:08+00:00\" \/>\n<meta name=\"twitter:card\" content=\"summary_large_image\" \/>\n<meta name=\"twitter:label1\" content=\"Tiempo de lectura\" \/>\n\t<meta name=\"twitter:data1\" content=\"3 minutos\" \/>\n<script type=\"application\/ld+json\" class=\"yoast-schema-graph\">{\"@context\":\"https:\\\/\\\/schema.org\",\"@graph\":[{\"@type\":\"WebPage\",\"@id\":\"https:\\\/\\\/rehabilitacionesvargas.es\\\/?page_id=434\",\"url\":\"https:\\\/\\\/rehabilitacionesvargas.es\\\/?page_id=434\",\"name\":\"LA EMPRESA - Rehabilitaciones Vargas\",\"isPartOf\":{\"@id\":\"https:\\\/\\\/rehabilitacionesvargas.es\\\/#website\"},\"datePublished\":\"2017-05-04T05:04:28+00:00\",\"dateModified\":\"2023-08-30T06:34:08+00:00\",\"breadcrumb\":{\"@id\":\"https:\\\/\\\/rehabilitacionesvargas.es\\\/?page_id=434#breadcrumb\"},\"inLanguage\":\"es\",\"potentialAction\":[{\"@type\":\"ReadAction\",\"target\":[\"https:\\\/\\\/rehabilitacionesvargas.es\\\/?page_id=434\"]}]},{\"@type\":\"BreadcrumbList\",\"@id\":\"https:\\\/\\\/rehabilitacionesvargas.es\\\/?page_id=434#breadcrumb\",\"itemListElement\":[{\"@type\":\"ListItem\",\"position\":1,\"name\":\"Portada\",\"item\":\"https:\\\/\\\/rehabilitacionesvargas.es\\\/\"},{\"@type\":\"ListItem\",\"position\":2,\"name\":\"LA EMPRESA\"}]},{\"@type\":\"WebSite\",\"@id\":\"https:\\\/\\\/rehabilitacionesvargas.es\\\/#website\",\"url\":\"https:\\\/\\\/rehabilitacionesvargas.es\\\/\",\"name\":\"Rehabilitaciones Vargas\",\"description\":\"Empresa de reformas integrales en Espa&ntilde;a.\",\"publisher\":{\"@id\":\"https:\\\/\\\/rehabilitacionesvargas.es\\\/#organization\"},\"potentialAction\":[{\"@type\":\"SearchAction\",\"target\":{\"@type\":\"EntryPoint\",\"urlTemplate\":\"https:\\\/\\\/rehabilitacionesvargas.es\\\/?s={search_term_string}\"},\"query-input\":{\"@type\":\"PropertyValueSpecification\",\"valueRequired\":true,\"valueName\":\"search_term_string\"}}],\"inLanguage\":\"es\"},{\"@type\":\"Organization\",\"@id\":\"https:\\\/\\\/rehabilitacionesvargas.es\\\/#organization\",\"name\":\"Rehabilitaciones Vargas\",\"url\":\"https:\\\/\\\/rehabilitacionesvargas.es\\\/\",\"logo\":{\"@type\":\"ImageObject\",\"inLanguage\":\"es\",\"@id\":\"https:\\\/\\\/rehabilitacionesvargas.es\\\/#\\\/schema\\\/logo\\\/image\\\/\",\"url\":\"https:\\\/\\\/rehabilitacionesvargas.es\\\/wp-content\\\/uploads\\\/2023\\\/08\\\/logo-Rehabilitaciones-Vargas-1-e1693432117318.png\",\"contentUrl\":\"https:\\\/\\\/rehabilitacionesvargas.es\\\/wp-content\\\/uploads\\\/2023\\\/08\\\/logo-Rehabilitaciones-Vargas-1-e1693432117318.png\",\"width\":400,\"height\":113,\"caption\":\"Rehabilitaciones Vargas\"},\"image\":{\"@id\":\"https:\\\/\\\/rehabilitacionesvargas.es\\\/#\\\/schema\\\/logo\\\/image\\\/\"}}]}<\/script>\n<!-- \/ Yoast SEO plugin. -->","yoast_head_json":{"title":"LA EMPRESA - Rehabilitaciones Vargas","robots":{"index":"index","follow":"follow","max-snippet":"max-snippet:-1","max-image-preview":"max-image-preview:large","max-video-preview":"max-video-preview:-1"},"canonical":"https:\/\/rehabilitacionesvargas.es\/?page_id=434","og_locale":"es_ES","og_type":"article","og_title":"LA EMPRESA - Rehabilitaciones Vargas","og_description":"[vc_row][vc_column][vc_column_text][\/vc_column_text][\/vc_column][\/vc_row][vc_row][vc_column width=\u00bb7\/12&#8243;][vc_column_text]REHABILITACIONES VARGAS SL, es una empresa de reformas en Madrid que cuenta con un equipo profesional de trabajadores bien...","og_url":"https:\/\/rehabilitacionesvargas.es\/?page_id=434","og_site_name":"Rehabilitaciones Vargas","article_modified_time":"2023-08-30T06:34:08+00:00","twitter_card":"summary_large_image","twitter_misc":{"Tiempo de lectura":"3 minutos"},"schema":{"@context":"https:\/\/schema.org","@graph":[{"@type":"WebPage","@id":"https:\/\/rehabilitacionesvargas.es\/?page_id=434","url":"https:\/\/rehabilitacionesvargas.es\/?page_id=434","name":"LA EMPRESA - Rehabilitaciones Vargas","isPartOf":{"@id":"https:\/\/rehabilitacionesvargas.es\/#website"},"datePublished":"2017-05-04T05:04:28+00:00","dateModified":"2023-08-30T06:34:08+00:00","breadcrumb":{"@id":"https:\/\/rehabilitacionesvargas.es\/?page_id=434#breadcrumb"},"inLanguage":"es","potentialAction":[{"@type":"ReadAction","target":["https:\/\/rehabilitacionesvargas.es\/?page_id=434"]}]},{"@type":"BreadcrumbList","@id":"https:\/\/rehabilitacionesvargas.es\/?page_id=434#breadcrumb","itemListElement":[{"@type":"ListItem","position":1,"name":"Portada","item":"https:\/\/rehabilitacionesvargas.es\/"},{"@type":"ListItem","position":2,"name":"LA EMPRESA"}]},{"@type":"WebSite","@id":"https:\/\/rehabilitacionesvargas.es\/#website","url":"https:\/\/rehabilitacionesvargas.es\/","name":"Rehabilitaciones Vargas","description":"Empresa de reformas integrales en Espa&ntilde;a.","publisher":{"@id":"https:\/\/rehabilitacionesvargas.es\/#organization"},"potentialAction":[{"@type":"SearchAction","target":{"@type":"EntryPoint","urlTemplate":"https:\/\/rehabilitacionesvargas.es\/?s={search_term_string}"},"query-input":{"@type":"PropertyValueSpecification","valueRequired":true,"valueName":"search_term_string"}}],"inLanguage":"es"},{"@type":"Organization","@id":"https:\/\/rehabilitacionesvargas.es\/#organization","name":"Rehabilitaciones Vargas","url":"https:\/\/rehabilitacionesvargas.es\/","logo":{"@type":"ImageObject","inLanguage":"es","@id":"https:\/\/rehabilitacionesvargas.es\/#\/schema\/logo\/image\/","url":"https:\/\/rehabilitacionesvargas.es\/wp-content\/uploads\/2023\/08\/logo-Rehabilitaciones-Vargas-1-e1693432117318.png","contentUrl":"https:\/\/rehabilitacionesvargas.es\/wp-content\/uploads\/2023\/08\/logo-Rehabilitaciones-Vargas-1-e1693432117318.png","width":400,"height":113,"caption":"Rehabilitaciones Vargas"},"image":{"@id":"https:\/\/rehabilitacionesvargas.es\/#\/schema\/logo\/image\/"}}]}},"_links":{"self":[{"href":"https:\/\/rehabilitacionesvargas.es\/index.php?rest_route=\/wp\/v2\/pages\/434","targetHints":{"allow":["GET"]}}],"collection":[{"href":"https:\/\/rehabilitacionesvargas.es\/index.php?rest_route=\/wp\/v2\/pages"}],"about":[{"href":"https:\/\/rehabilitacionesvargas.es\/index.php?rest_route=\/wp\/v2\/types\/page"}],"author":[{"embeddable":true,"href":"https:\/\/rehabilitacionesvargas.es\/index.php?rest_route=\/wp\/v2\/users\/1"}],"replies":[{"embeddable":true,"href":"https:\/\/rehabilitacionesvargas.es\/index.php?rest_route=%2Fwp%2Fv2%2Fcomments&post=434"}],"version-history":[{"count":13,"href":"https:\/\/rehabilitacionesvargas.es\/index.php?rest_route=\/wp\/v2\/pages\/434\/revisions"}],"predecessor-version":[{"id":698,"href":"https:\/\/rehabilitacionesvargas.es\/index.php?rest_route=\/wp\/v2\/pages\/434\/revisions\/698"}],"wp:attachment":[{"href":"https:\/\/rehabilitacionesvargas.es\/index.php?rest_route=%2Fwp%2Fv2%2Fmedia&parent=434"}],"curies":[{"name":"wp","href":"https:\/\/api.w.org\/{rel}","templated":true}]}}