{"id":572,"date":"2017-04-14T15:38:00","date_gmt":"2017-04-14T15:38:00","guid":{"rendered":"http:\/\/builderpress-min.inspirydemos.com\/?page_id=11"},"modified":"2023-08-30T10:06:58","modified_gmt":"2023-08-30T08:06:58","slug":"contact","status":"publish","type":"page","link":"https:\/\/rehabilitacionesvargas.es\/?page_id=572","title":{"rendered":"Contact"},"content":{"rendered":"<p>[vc_row 0=\u00bb\u00bb][vc_column css=\u00bb.vc_custom_1492185187923{padding-bottom: 40px !important;}\u00bb]<div class=\"container-icon-pulley common-vc-class \" style=\"height: 120px\"><span class=\"pulley pulley-center\" style=\"top:-25px\"> <img src= https:\/\/rehabilitacionesvargas.es\/wp-content\/uploads\/2017\/04\/contact-phone.png alt = contact-phone> <\/span><\/div>[\/vc_column][\/vc_row][vc_row 0=\u00bb\u00bb][vc_column css=\u00bb.vc_custom_1484743935343{padding-bottom: 40px !important;}\u00bb]<div class=\"section-heading-intro common-vc-class text-left\"><h2 style=\"color:#1a1a1a\">Solicitar cita y presupuesto<\/h2><p style=\"color:#808080; max-width: none; \" class=\"section-text\">Para realizar un presupuesto de reforma integral es obligatorio que visitemos al cliente en la casa, local, oficina o edificaci\u00f3n a reformar y as\u00ed hacer una valoraci\u00f3n exhaustiva de sus necesidades.<\/p><\/div>[\/vc_column][\/vc_row][vc_row 0=\u00bb\u00bb][vc_column width=\u00bb1\/2&#8243; css=\u00bb.vc_custom_1484743992439{padding-right: 40px !important;}\u00bb]<div class=\"wrapper-form common-vc-class \">\n<div class=\"wpcf7 no-js\" id=\"wpcf7-f8-o1\" lang=\"es-ES\" dir=\"ltr\" data-wpcf7-id=\"8\">\n<div class=\"screen-reader-response\"><p role=\"status\" aria-live=\"polite\" aria-atomic=\"true\"><\/p> <ul><\/ul><\/div>\n<form action=\"\/index.php?rest_route=%2Fwp%2Fv2%2Fpages%2F572#wpcf7-f8-o1\" method=\"post\" class=\"wpcf7-form init\" aria-label=\"Formulario de contacto\" novalidate=\"novalidate\" data-status=\"init\">\n<fieldset class=\"hidden-fields-container\"><input type=\"hidden\" name=\"_wpcf7\" value=\"8\" \/><input type=\"hidden\" name=\"_wpcf7_version\" value=\"6.1.5\" \/><input type=\"hidden\" name=\"_wpcf7_locale\" value=\"es_ES\" \/><input type=\"hidden\" name=\"_wpcf7_unit_tag\" value=\"wpcf7-f8-o1\" \/><input type=\"hidden\" name=\"_wpcf7_container_post\" value=\"0\" \/><input type=\"hidden\" name=\"_wpcf7_posted_data_hash\" value=\"\" \/>\n<\/fieldset>\n<p><label> Tu nombre<br \/>\n<span class=\"wpcf7-form-control-wrap\" data-name=\"your-name\"><input size=\"40\" maxlength=\"400\" class=\"wpcf7-form-control wpcf7-text wpcf7-validates-as-required\" autocomplete=\"name\" aria-required=\"true\" aria-invalid=\"false\" value=\"\" type=\"text\" name=\"your-name\" \/><\/span> <\/label>\n<\/p>\n<p><label> Tu correo electr\u00f3nico<br \/>\n<span class=\"wpcf7-form-control-wrap\" data-name=\"your-email\"><input size=\"40\" maxlength=\"400\" class=\"wpcf7-form-control wpcf7-email wpcf7-validates-as-required wpcf7-text wpcf7-validates-as-email\" autocomplete=\"email\" aria-required=\"true\" aria-invalid=\"false\" value=\"\" type=\"email\" name=\"your-email\" \/><\/span> <\/label>\n<\/p>\n<p><label> Tel\u00e9fono<br \/>\n<span class=\"wpcf7-form-control-wrap\" data-name=\"tel-159\"><input size=\"40\" maxlength=\"400\" class=\"wpcf7-form-control wpcf7-tel wpcf7-validates-as-required wpcf7-text wpcf7-validates-as-tel\" aria-required=\"true\" aria-invalid=\"false\" value=\"\" type=\"tel\" name=\"tel-159\" \/><\/span> <\/label>\n<\/p>\n<p><label> Tu mensaje (opcional)<br \/>\n<span class=\"wpcf7-form-control-wrap\" data-name=\"your-message\"><textarea cols=\"40\" rows=\"10\" maxlength=\"2000\" class=\"wpcf7-form-control wpcf7-textarea\" aria-invalid=\"false\" name=\"your-message\"><\/textarea><\/span> <\/label>\n<\/p>\n<p><input class=\"wpcf7-form-control wpcf7-submit has-spinner\" type=\"submit\" value=\"Enviar\" \/>\n<\/p><div class=\"wpcf7-response-output\" aria-hidden=\"true\"><\/div>\n<\/form>\n<\/div>\n\n<\/div>[\/vc_column][vc_column width=\u00bb1\/2&#8243; css=\u00bb.vc_custom_1484743999379{padding-left: 40px !important;}\u00bb]<div class=\"contact-detail-list common-vc-class \"><ul><li class=\"contact-list \"><span class=\"icon\"><img decoding=\"async\" src=\"https:\/\/rehabilitacionesvargas.es\/wp-content\/uploads\/2017\/04\/contact-phone.png\" alt=\"Concantanos\"><\/span><span class=\"small\">Concantanos<\/span><span class=\"detail\">+34 604 29 51 69<\/span><\/li><li class=\"contact-list \"><span class=\"icon\"><img decoding=\"async\" src=\"https:\/\/rehabilitacionesvargas.es\/wp-content\/uploads\/2017\/04\/contact-mail.png\" alt=\"Email\"><\/span><span class=\"small\">Email<\/span><span class=\"detail\">info@rehabilitacionesvargas.es<\/span><\/li><li class=\"contact-list \"><span class=\"icon\"><img decoding=\"async\" src=\"https:\/\/rehabilitacionesvargas.es\/wp-content\/uploads\/2017\/04\/contact-address.png\" alt=\"Localidad\"><\/span><span class=\"small\">Localidad<\/span><span class=\"detail\">Trabajamos en toda Espa\u00f1a<\/span><\/li><li class=\"contact-list \"><span class=\"icon\"><img decoding=\"async\" src=\"https:\/\/rehabilitacionesvargas.es\/wp-content\/uploads\/2017\/04\/contact-clock.png\" alt=\"\"><\/span><span class=\"small\"><\/span><div class=\"detail\"><div class=\"inner-row\"><span>Estamos disponibles todo los d\u00edas del a\u00f1o<\/span><span><\/span><\/div><\/div><\/li><\/ul><\/div>[\/vc_column][\/vc_row][vc_row full_width=\u00bbstretch_row_content_no_spaces\u00bb][vc_column 0=\u00bb\u00bb][\/vc_column][\/vc_row]<\/p>\n","protected":false},"excerpt":{"rendered":"<p>[vc_row 0=\u00bb\u00bb][vc_column css=\u00bb.vc_custom_1492185187923{padding-bottom: 40px !important;}\u00bb][\/vc_column][\/vc_row][vc_row 0=\u00bb\u00bb][vc_column css=\u00bb.vc_custom_1484743935343{padding-bottom: 40px !important;}\u00bb][\/vc_column][\/vc_row][vc_row 0=\u00bb\u00bb][vc_column width=\u00bb1\/2&#8243; css=\u00bb.vc_custom_1484743992439{padding-right: 40px !important;}\u00bb][\/vc_column][vc_column width=\u00bb1\/2&#8243; css=\u00bb.vc_custom_1484743999379{padding-left: 40px !important;}\u00bb][\/vc_column][\/vc_row][vc_row full_width=\u00bbstretch_row_content_no_spaces\u00bb][vc_column 0=\u00bb\u00bb][\/vc_column][\/vc_row]<\/p>\n","protected":false},"author":1,"featured_media":0,"parent":0,"menu_order":0,"comment_status":"closed","ping_status":"closed","template":"","meta":{"_joinchat":[],"footnotes":""},"class_list":["post-572","page","type-page","status-publish","hentry"],"yoast_head":"<!-- This site is optimized with the Yoast SEO plugin v27.3 - https:\/\/yoast.com\/product\/yoast-seo-wordpress\/ -->\n<title>Contact - Rehabilitaciones Vargas<\/title>\n<meta name=\"robots\" content=\"index, follow, max-snippet:-1, max-image-preview:large, max-video-preview:-1\" \/>\n<link rel=\"canonical\" href=\"https:\/\/rehabilitacionesvargas.es\/?page_id=572\" \/>\n<meta property=\"og:locale\" content=\"es_ES\" \/>\n<meta property=\"og:type\" content=\"article\" \/>\n<meta property=\"og:title\" content=\"Contact - Rehabilitaciones Vargas\" \/>\n<meta property=\"og:description\" content=\"[vc_row 0=\u00bb\u00bb][vc_column css=\u00bb.vc_custom_1492185187923{padding-bottom: 40px !important;}\u00bb][\/vc_column][\/vc_row][vc_row 0=\u00bb\u00bb][vc_column css=\u00bb.vc_custom_1484743935343{padding-bottom: 40px !important;}\u00bb][\/vc_column][\/vc_row][vc_row 0=\u00bb\u00bb][vc_column width=\u00bb1\/2&#8243; css=\u00bb.vc_custom_1484743992439{padding-right: 40px !important;}\u00bb][\/vc_column][vc_column width=\u00bb1\/2&#8243; css=\u00bb.vc_custom_1484743999379{padding-left: 40px !important;}\u00bb][\/vc_column][\/vc_row][vc_row full_width=\u00bbstretch_row_content_no_spaces\u00bb][vc_column 0=\u00bb\u00bb][\/vc_column][\/vc_row]\" \/>\n<meta property=\"og:url\" content=\"https:\/\/rehabilitacionesvargas.es\/?page_id=572\" \/>\n<meta property=\"og:site_name\" content=\"Rehabilitaciones Vargas\" \/>\n<meta property=\"article:modified_time\" content=\"2023-08-30T08:06:58+00:00\" \/>\n<meta name=\"twitter:card\" content=\"summary_large_image\" \/>\n<meta name=\"twitter:label1\" content=\"Tiempo de lectura\" \/>\n\t<meta name=\"twitter:data1\" content=\"1 minuto\" \/>\n<script type=\"application\/ld+json\" class=\"yoast-schema-graph\">{\"@context\":\"https:\\\/\\\/schema.org\",\"@graph\":[{\"@type\":\"WebPage\",\"@id\":\"https:\\\/\\\/rehabilitacionesvargas.es\\\/?page_id=572\",\"url\":\"https:\\\/\\\/rehabilitacionesvargas.es\\\/?page_id=572\",\"name\":\"Contact - Rehabilitaciones Vargas\",\"isPartOf\":{\"@id\":\"https:\\\/\\\/rehabilitacionesvargas.es\\\/#website\"},\"datePublished\":\"2017-04-14T15:38:00+00:00\",\"dateModified\":\"2023-08-30T08:06:58+00:00\",\"breadcrumb\":{\"@id\":\"https:\\\/\\\/rehabilitacionesvargas.es\\\/?page_id=572#breadcrumb\"},\"inLanguage\":\"es\",\"potentialAction\":[{\"@type\":\"ReadAction\",\"target\":[\"https:\\\/\\\/rehabilitacionesvargas.es\\\/?page_id=572\"]}]},{\"@type\":\"BreadcrumbList\",\"@id\":\"https:\\\/\\\/rehabilitacionesvargas.es\\\/?page_id=572#breadcrumb\",\"itemListElement\":[{\"@type\":\"ListItem\",\"position\":1,\"name\":\"Portada\",\"item\":\"https:\\\/\\\/rehabilitacionesvargas.es\\\/\"},{\"@type\":\"ListItem\",\"position\":2,\"name\":\"Contact\"}]},{\"@type\":\"WebSite\",\"@id\":\"https:\\\/\\\/rehabilitacionesvargas.es\\\/#website\",\"url\":\"https:\\\/\\\/rehabilitacionesvargas.es\\\/\",\"name\":\"Rehabilitaciones Vargas\",\"description\":\"Empresa de reformas integrales en Espa&ntilde;a.\",\"publisher\":{\"@id\":\"https:\\\/\\\/rehabilitacionesvargas.es\\\/#organization\"},\"potentialAction\":[{\"@type\":\"SearchAction\",\"target\":{\"@type\":\"EntryPoint\",\"urlTemplate\":\"https:\\\/\\\/rehabilitacionesvargas.es\\\/?s={search_term_string}\"},\"query-input\":{\"@type\":\"PropertyValueSpecification\",\"valueRequired\":true,\"valueName\":\"search_term_string\"}}],\"inLanguage\":\"es\"},{\"@type\":\"Organization\",\"@id\":\"https:\\\/\\\/rehabilitacionesvargas.es\\\/#organization\",\"name\":\"Rehabilitaciones Vargas\",\"url\":\"https:\\\/\\\/rehabilitacionesvargas.es\\\/\",\"logo\":{\"@type\":\"ImageObject\",\"inLanguage\":\"es\",\"@id\":\"https:\\\/\\\/rehabilitacionesvargas.es\\\/#\\\/schema\\\/logo\\\/image\\\/\",\"url\":\"https:\\\/\\\/rehabilitacionesvargas.es\\\/wp-content\\\/uploads\\\/2023\\\/08\\\/logo-Rehabilitaciones-Vargas-1-e1693432117318.png\",\"contentUrl\":\"https:\\\/\\\/rehabilitacionesvargas.es\\\/wp-content\\\/uploads\\\/2023\\\/08\\\/logo-Rehabilitaciones-Vargas-1-e1693432117318.png\",\"width\":400,\"height\":113,\"caption\":\"Rehabilitaciones Vargas\"},\"image\":{\"@id\":\"https:\\\/\\\/rehabilitacionesvargas.es\\\/#\\\/schema\\\/logo\\\/image\\\/\"}}]}<\/script>\n<!-- \/ Yoast SEO plugin. -->","yoast_head_json":{"title":"Contact - Rehabilitaciones Vargas","robots":{"index":"index","follow":"follow","max-snippet":"max-snippet:-1","max-image-preview":"max-image-preview:large","max-video-preview":"max-video-preview:-1"},"canonical":"https:\/\/rehabilitacionesvargas.es\/?page_id=572","og_locale":"es_ES","og_type":"article","og_title":"Contact - Rehabilitaciones Vargas","og_description":"[vc_row 0=\u00bb\u00bb][vc_column css=\u00bb.vc_custom_1492185187923{padding-bottom: 40px !important;}\u00bb][\/vc_column][\/vc_row][vc_row 0=\u00bb\u00bb][vc_column css=\u00bb.vc_custom_1484743935343{padding-bottom: 40px !important;}\u00bb][\/vc_column][\/vc_row][vc_row 0=\u00bb\u00bb][vc_column width=\u00bb1\/2&#8243; css=\u00bb.vc_custom_1484743992439{padding-right: 40px !important;}\u00bb][\/vc_column][vc_column width=\u00bb1\/2&#8243; css=\u00bb.vc_custom_1484743999379{padding-left: 40px !important;}\u00bb][\/vc_column][\/vc_row][vc_row full_width=\u00bbstretch_row_content_no_spaces\u00bb][vc_column 0=\u00bb\u00bb][\/vc_column][\/vc_row]","og_url":"https:\/\/rehabilitacionesvargas.es\/?page_id=572","og_site_name":"Rehabilitaciones Vargas","article_modified_time":"2023-08-30T08:06:58+00:00","twitter_card":"summary_large_image","twitter_misc":{"Tiempo de lectura":"1 minuto"},"schema":{"@context":"https:\/\/schema.org","@graph":[{"@type":"WebPage","@id":"https:\/\/rehabilitacionesvargas.es\/?page_id=572","url":"https:\/\/rehabilitacionesvargas.es\/?page_id=572","name":"Contact - Rehabilitaciones Vargas","isPartOf":{"@id":"https:\/\/rehabilitacionesvargas.es\/#website"},"datePublished":"2017-04-14T15:38:00+00:00","dateModified":"2023-08-30T08:06:58+00:00","breadcrumb":{"@id":"https:\/\/rehabilitacionesvargas.es\/?page_id=572#breadcrumb"},"inLanguage":"es","potentialAction":[{"@type":"ReadAction","target":["https:\/\/rehabilitacionesvargas.es\/?page_id=572"]}]},{"@type":"BreadcrumbList","@id":"https:\/\/rehabilitacionesvargas.es\/?page_id=572#breadcrumb","itemListElement":[{"@type":"ListItem","position":1,"name":"Portada","item":"https:\/\/rehabilitacionesvargas.es\/"},{"@type":"ListItem","position":2,"name":"Contact"}]},{"@type":"WebSite","@id":"https:\/\/rehabilitacionesvargas.es\/#website","url":"https:\/\/rehabilitacionesvargas.es\/","name":"Rehabilitaciones Vargas","description":"Empresa de reformas integrales en Espa&ntilde;a.","publisher":{"@id":"https:\/\/rehabilitacionesvargas.es\/#organization"},"potentialAction":[{"@type":"SearchAction","target":{"@type":"EntryPoint","urlTemplate":"https:\/\/rehabilitacionesvargas.es\/?s={search_term_string}"},"query-input":{"@type":"PropertyValueSpecification","valueRequired":true,"valueName":"search_term_string"}}],"inLanguage":"es"},{"@type":"Organization","@id":"https:\/\/rehabilitacionesvargas.es\/#organization","name":"Rehabilitaciones Vargas","url":"https:\/\/rehabilitacionesvargas.es\/","logo":{"@type":"ImageObject","inLanguage":"es","@id":"https:\/\/rehabilitacionesvargas.es\/#\/schema\/logo\/image\/","url":"https:\/\/rehabilitacionesvargas.es\/wp-content\/uploads\/2023\/08\/logo-Rehabilitaciones-Vargas-1-e1693432117318.png","contentUrl":"https:\/\/rehabilitacionesvargas.es\/wp-content\/uploads\/2023\/08\/logo-Rehabilitaciones-Vargas-1-e1693432117318.png","width":400,"height":113,"caption":"Rehabilitaciones Vargas"},"image":{"@id":"https:\/\/rehabilitacionesvargas.es\/#\/schema\/logo\/image\/"}}]}},"_links":{"self":[{"href":"https:\/\/rehabilitacionesvargas.es\/index.php?rest_route=\/wp\/v2\/pages\/572","targetHints":{"allow":["GET"]}}],"collection":[{"href":"https:\/\/rehabilitacionesvargas.es\/index.php?rest_route=\/wp\/v2\/pages"}],"about":[{"href":"https:\/\/rehabilitacionesvargas.es\/index.php?rest_route=\/wp\/v2\/types\/page"}],"author":[{"embeddable":true,"href":"https:\/\/rehabilitacionesvargas.es\/index.php?rest_route=\/wp\/v2\/users\/1"}],"replies":[{"embeddable":true,"href":"https:\/\/rehabilitacionesvargas.es\/index.php?rest_route=%2Fwp%2Fv2%2Fcomments&post=572"}],"version-history":[{"count":8,"href":"https:\/\/rehabilitacionesvargas.es\/index.php?rest_route=\/wp\/v2\/pages\/572\/revisions"}],"predecessor-version":[{"id":755,"href":"https:\/\/rehabilitacionesvargas.es\/index.php?rest_route=\/wp\/v2\/pages\/572\/revisions\/755"}],"wp:attachment":[{"href":"https:\/\/rehabilitacionesvargas.es\/index.php?rest_route=%2Fwp%2Fv2%2Fmedia&parent=572"}],"curies":[{"name":"wp","href":"https:\/\/api.w.org\/{rel}","templated":true}]}}