{"id":575,"date":"2017-04-20T11:05:47","date_gmt":"2017-04-20T11:05:47","guid":{"rendered":"http:\/\/builderpress-min.inspirydemos.com\/?page_id=202"},"modified":"2023-08-30T10:18:39","modified_gmt":"2023-08-30T08:18:39","slug":"our-services","status":"publish","type":"page","link":"https:\/\/rehabilitacionesvargas.es\/?page_id=575","title":{"rendered":"Nuestros Servicios"},"content":{"rendered":"<p>[vc_row][vc_column][vc_column_text]<strong>TRABAJOS DE REFORMAS EN MADRID<\/strong><\/p>\r\n<p>\r\n\r\n<br \/><strong>Trabajos que realizamos <\/strong><\/p>\r\n<p>\r\n\r\n<strong>Estudiamos <\/strong>todos los detalles y todas tus necesidades antes de comenzar las obras de reforma de tu vivienda, consideramos todas las posibles distribuciones, c\u00f3mo mejorar y aprovechar cada metro cuadrado de superficie del piso o apartamento que vamos a reformar, c\u00f3mo poder mejorar el aislamiento ac\u00fastico y t\u00e9rmico de la vivienda, analizamos el estado de las instalaciones y c\u00f3mo poder realizar una mejora energ\u00e9tica y por tanto ahorrar en el consumo diario de nuestro hogar. Conf\u00eda en nosotros y seguro que podemos ayudarte a mejorar tu actual vivienda o a convertir tus sue\u00f1os en realidad con la reforma de la vivienda.<\/p>\r\n<p>\r\n\r\n<br \/><strong>Realizamos una planificaci\u00f3n y coordinaci\u00f3n<\/strong> de las tareas que realizar\u00e1n nuestro equipo profesional, junto con las fechas en las que se realizar\u00e1n cada una de estas tareas.<br \/>Peri\u00f3dicamente revisamos la ejecuci\u00f3n de cada trabajo, comprobamos que no haya ning\u00fan problema ni desviaci\u00f3n y certificamos la calidad de los resultados.<\/p>\r\n<p>\r\n\r\n<br \/><strong>Nuestra empresa<\/strong> constructora te ofrece la soluci\u00f3n que necesitas en todo momento. Una firma que apuesta por la calidad y el conocimiento de las necesidades y los gustos de sus clientes antes de presentar un proyecto de reforma, que ofrece compromiso, garant\u00edas de tiempo y reformas de calidad; que comprende la importancia de un equipo t\u00e9cnico profesional que cumple con los plazos marcados en las reformas de tu vivienda. Descubre nuestra forma de trabajar y solicita el presupuesto para la reforma de tu vivienda de una forma <strong>sencilla, gratis y sin compromiso<\/strong>.<\/p>\r\n\r\n\r\n\r\n<p>[\/vc_column_text][\/vc_column][\/vc_row]<\/p>","protected":false},"excerpt":{"rendered":"<p>[vc_row][vc_column][vc_column_text]TRABAJOS DE REFORMAS EN MADRID Trabajos que realizamos Estudiamos todos los detalles y todas tus necesidades antes de comenzar las&#8230;<\/p>\n","protected":false},"author":1,"featured_media":0,"parent":0,"menu_order":0,"comment_status":"closed","ping_status":"closed","template":"page-templates\/template-services.php","meta":{"_joinchat":[],"footnotes":""},"class_list":["post-575","page","type-page","status-publish","hentry"],"yoast_head":"<!-- This site is optimized with the Yoast SEO plugin v27.3 - https:\/\/yoast.com\/product\/yoast-seo-wordpress\/ -->\n<title>Nuestros Servicios - Rehabilitaciones Vargas<\/title>\n<meta name=\"robots\" content=\"index, follow, max-snippet:-1, max-image-preview:large, max-video-preview:-1\" \/>\n<link rel=\"canonical\" href=\"https:\/\/rehabilitacionesvargas.es\/?page_id=575\" \/>\n<meta property=\"og:locale\" content=\"es_ES\" \/>\n<meta property=\"og:type\" content=\"article\" \/>\n<meta property=\"og:title\" content=\"Nuestros Servicios - Rehabilitaciones Vargas\" \/>\n<meta property=\"og:description\" content=\"[vc_row][vc_column][vc_column_text]TRABAJOS DE REFORMAS EN MADRID Trabajos que realizamos Estudiamos todos los detalles y todas tus necesidades antes de comenzar las...\" \/>\n<meta property=\"og:url\" content=\"https:\/\/rehabilitacionesvargas.es\/?page_id=575\" \/>\n<meta property=\"og:site_name\" content=\"Rehabilitaciones Vargas\" \/>\n<meta property=\"article:modified_time\" content=\"2023-08-30T08:18:39+00:00\" \/>\n<meta name=\"twitter:card\" content=\"summary_large_image\" \/>\n<meta name=\"twitter:label1\" content=\"Tiempo de lectura\" \/>\n\t<meta name=\"twitter:data1\" content=\"2 minutos\" \/>\n<script type=\"application\/ld+json\" class=\"yoast-schema-graph\">{\"@context\":\"https:\\\/\\\/schema.org\",\"@graph\":[{\"@type\":\"WebPage\",\"@id\":\"https:\\\/\\\/rehabilitacionesvargas.es\\\/?page_id=575\",\"url\":\"https:\\\/\\\/rehabilitacionesvargas.es\\\/?page_id=575\",\"name\":\"Nuestros Servicios - Rehabilitaciones Vargas\",\"isPartOf\":{\"@id\":\"https:\\\/\\\/rehabilitacionesvargas.es\\\/#website\"},\"datePublished\":\"2017-04-20T11:05:47+00:00\",\"dateModified\":\"2023-08-30T08:18:39+00:00\",\"breadcrumb\":{\"@id\":\"https:\\\/\\\/rehabilitacionesvargas.es\\\/?page_id=575#breadcrumb\"},\"inLanguage\":\"es\",\"potentialAction\":[{\"@type\":\"ReadAction\",\"target\":[\"https:\\\/\\\/rehabilitacionesvargas.es\\\/?page_id=575\"]}]},{\"@type\":\"BreadcrumbList\",\"@id\":\"https:\\\/\\\/rehabilitacionesvargas.es\\\/?page_id=575#breadcrumb\",\"itemListElement\":[{\"@type\":\"ListItem\",\"position\":1,\"name\":\"Portada\",\"item\":\"https:\\\/\\\/rehabilitacionesvargas.es\\\/\"},{\"@type\":\"ListItem\",\"position\":2,\"name\":\"Nuestros Servicios\"}]},{\"@type\":\"WebSite\",\"@id\":\"https:\\\/\\\/rehabilitacionesvargas.es\\\/#website\",\"url\":\"https:\\\/\\\/rehabilitacionesvargas.es\\\/\",\"name\":\"Rehabilitaciones Vargas\",\"description\":\"Empresa de reformas integrales en Espa&ntilde;a.\",\"publisher\":{\"@id\":\"https:\\\/\\\/rehabilitacionesvargas.es\\\/#organization\"},\"potentialAction\":[{\"@type\":\"SearchAction\",\"target\":{\"@type\":\"EntryPoint\",\"urlTemplate\":\"https:\\\/\\\/rehabilitacionesvargas.es\\\/?s={search_term_string}\"},\"query-input\":{\"@type\":\"PropertyValueSpecification\",\"valueRequired\":true,\"valueName\":\"search_term_string\"}}],\"inLanguage\":\"es\"},{\"@type\":\"Organization\",\"@id\":\"https:\\\/\\\/rehabilitacionesvargas.es\\\/#organization\",\"name\":\"Rehabilitaciones Vargas\",\"url\":\"https:\\\/\\\/rehabilitacionesvargas.es\\\/\",\"logo\":{\"@type\":\"ImageObject\",\"inLanguage\":\"es\",\"@id\":\"https:\\\/\\\/rehabilitacionesvargas.es\\\/#\\\/schema\\\/logo\\\/image\\\/\",\"url\":\"https:\\\/\\\/rehabilitacionesvargas.es\\\/wp-content\\\/uploads\\\/2023\\\/08\\\/logo-Rehabilitaciones-Vargas-1-e1693432117318.png\",\"contentUrl\":\"https:\\\/\\\/rehabilitacionesvargas.es\\\/wp-content\\\/uploads\\\/2023\\\/08\\\/logo-Rehabilitaciones-Vargas-1-e1693432117318.png\",\"width\":400,\"height\":113,\"caption\":\"Rehabilitaciones Vargas\"},\"image\":{\"@id\":\"https:\\\/\\\/rehabilitacionesvargas.es\\\/#\\\/schema\\\/logo\\\/image\\\/\"}}]}<\/script>\n<!-- \/ Yoast SEO plugin. -->","yoast_head_json":{"title":"Nuestros Servicios - Rehabilitaciones Vargas","robots":{"index":"index","follow":"follow","max-snippet":"max-snippet:-1","max-image-preview":"max-image-preview:large","max-video-preview":"max-video-preview:-1"},"canonical":"https:\/\/rehabilitacionesvargas.es\/?page_id=575","og_locale":"es_ES","og_type":"article","og_title":"Nuestros Servicios - Rehabilitaciones Vargas","og_description":"[vc_row][vc_column][vc_column_text]TRABAJOS DE REFORMAS EN MADRID Trabajos que realizamos Estudiamos todos los detalles y todas tus necesidades antes de comenzar las...","og_url":"https:\/\/rehabilitacionesvargas.es\/?page_id=575","og_site_name":"Rehabilitaciones Vargas","article_modified_time":"2023-08-30T08:18:39+00:00","twitter_card":"summary_large_image","twitter_misc":{"Tiempo de lectura":"2 minutos"},"schema":{"@context":"https:\/\/schema.org","@graph":[{"@type":"WebPage","@id":"https:\/\/rehabilitacionesvargas.es\/?page_id=575","url":"https:\/\/rehabilitacionesvargas.es\/?page_id=575","name":"Nuestros Servicios - Rehabilitaciones Vargas","isPartOf":{"@id":"https:\/\/rehabilitacionesvargas.es\/#website"},"datePublished":"2017-04-20T11:05:47+00:00","dateModified":"2023-08-30T08:18:39+00:00","breadcrumb":{"@id":"https:\/\/rehabilitacionesvargas.es\/?page_id=575#breadcrumb"},"inLanguage":"es","potentialAction":[{"@type":"ReadAction","target":["https:\/\/rehabilitacionesvargas.es\/?page_id=575"]}]},{"@type":"BreadcrumbList","@id":"https:\/\/rehabilitacionesvargas.es\/?page_id=575#breadcrumb","itemListElement":[{"@type":"ListItem","position":1,"name":"Portada","item":"https:\/\/rehabilitacionesvargas.es\/"},{"@type":"ListItem","position":2,"name":"Nuestros Servicios"}]},{"@type":"WebSite","@id":"https:\/\/rehabilitacionesvargas.es\/#website","url":"https:\/\/rehabilitacionesvargas.es\/","name":"Rehabilitaciones Vargas","description":"Empresa de reformas integrales en Espa&ntilde;a.","publisher":{"@id":"https:\/\/rehabilitacionesvargas.es\/#organization"},"potentialAction":[{"@type":"SearchAction","target":{"@type":"EntryPoint","urlTemplate":"https:\/\/rehabilitacionesvargas.es\/?s={search_term_string}"},"query-input":{"@type":"PropertyValueSpecification","valueRequired":true,"valueName":"search_term_string"}}],"inLanguage":"es"},{"@type":"Organization","@id":"https:\/\/rehabilitacionesvargas.es\/#organization","name":"Rehabilitaciones Vargas","url":"https:\/\/rehabilitacionesvargas.es\/","logo":{"@type":"ImageObject","inLanguage":"es","@id":"https:\/\/rehabilitacionesvargas.es\/#\/schema\/logo\/image\/","url":"https:\/\/rehabilitacionesvargas.es\/wp-content\/uploads\/2023\/08\/logo-Rehabilitaciones-Vargas-1-e1693432117318.png","contentUrl":"https:\/\/rehabilitacionesvargas.es\/wp-content\/uploads\/2023\/08\/logo-Rehabilitaciones-Vargas-1-e1693432117318.png","width":400,"height":113,"caption":"Rehabilitaciones Vargas"},"image":{"@id":"https:\/\/rehabilitacionesvargas.es\/#\/schema\/logo\/image\/"}}]}},"_links":{"self":[{"href":"https:\/\/rehabilitacionesvargas.es\/index.php?rest_route=\/wp\/v2\/pages\/575","targetHints":{"allow":["GET"]}}],"collection":[{"href":"https:\/\/rehabilitacionesvargas.es\/index.php?rest_route=\/wp\/v2\/pages"}],"about":[{"href":"https:\/\/rehabilitacionesvargas.es\/index.php?rest_route=\/wp\/v2\/types\/page"}],"author":[{"embeddable":true,"href":"https:\/\/rehabilitacionesvargas.es\/index.php?rest_route=\/wp\/v2\/users\/1"}],"replies":[{"embeddable":true,"href":"https:\/\/rehabilitacionesvargas.es\/index.php?rest_route=%2Fwp%2Fv2%2Fcomments&post=575"}],"version-history":[{"count":6,"href":"https:\/\/rehabilitacionesvargas.es\/index.php?rest_route=\/wp\/v2\/pages\/575\/revisions"}],"predecessor-version":[{"id":762,"href":"https:\/\/rehabilitacionesvargas.es\/index.php?rest_route=\/wp\/v2\/pages\/575\/revisions\/762"}],"wp:attachment":[{"href":"https:\/\/rehabilitacionesvargas.es\/index.php?rest_route=%2Fwp%2Fv2%2Fmedia&parent=575"}],"curies":[{"name":"wp","href":"https:\/\/api.w.org\/{rel}","templated":true}]}}